t common factor of 3628 and 256.
4
Calculate the highest common factor of 24 and 258825.
3
Calculate the highest common factor of 738204 and 27642.
1626
What is the highest common divisor of 684 and 1637?
1
Calculate the greatest common factor of 386 and 10.
2
What is the greatest common divisor of 4378 and 28258?
398
What is the highest common factor of 22069 and 319?
29
Calculate the greatest common factor of 187 and 19805.
17
Calculate the highest common divisor of 225 and 9013050.
225
What is the greatest common factor of 15 and 883845?
15
What is the highest common factor of 888 and 3256?
296
What is the greatest common factor of 1517210 and 14705?
865
What is the highest common divisor of 13 and 29992807?
13
Calculate the highest common factor of 19708 and 1895.
379
What is the highest common factor of 581484 and 48?
12
What is the highest common divisor of 56 and 2296?
56
What is the greatest common factor of 19221 and 903?
129
What is the greatest common divisor of 22025 and 69599?
881
What is the greatest common divisor of 1724468 and 93?
31
Calculate the highest common factor of 100 and 34240.
20
Calculate the highest common divisor of 150 and 464910.
30
What is the highest common factor of 55483 and 5401?
491
Calculate the highest common divisor of 7 and 56698.
1
What is the highest common divisor of 520713 and 1692?
423
What is the greatest common factor of 56 and 1529213?
7
Calculate the highest common factor of 1412649 and 119.
119
What is the highest common factor of 16910 and 4895?
445
Calculate the greatest common divisor of 84 and 209448.
12
Calculate the greatest common factor of 83 and 2957.
1
Calculate the greatest common divisor of 472 and 366862.
118
What is the greatest common factor of 216923 and 98?
49
Calculate the greatest common factor of 140 and 2443.
7
Calculate the greatest common factor of 37596 and 2652.
156
Calculate the greatest common factor of 1266 and 618.
6
Calculate the highest common factor of 8 and 199846.
2
Calculate the highest common factor of 21504 and 4000.
32
Calculate the greatest common divisor of 382 and 614638.
382
What is the greatest common divisor of 239 and 5909514?
239
What is the greatest common divisor of 356862 and 88?
22
Calculate the greatest common factor of 7119 and 90513.
1017
What is the highest common divisor of 2107 and 784?
49
Calculate the greatest common divisor of 13935 and 135.
15
What is the greatest common divisor of 10640 and 24570?
70
What is the highest common divisor of 16206 and 1702?
74
What is the highest common divisor of 218661 and 69?
69
What is the greatest common factor of 245 and 669291?
49
Calculate the greatest common divisor of 88 and 187264.
88
Calculate the greatest common divisor of 53372 and 396.
44
Calculate the highest common divisor of 1357 and 8968.
59
What is the greatest common factor of 61 and 1847873?
61
What is the highest common divisor of 1857651 and 753?
753
Calculate the highest common divisor of 532410 and 330.
30
Calculate the highest common divisor of 1400 and 1976450.
350
What is the greatest common factor of 90118 and 182?
14
Calculate the highest common divisor of 500879 and 47.
47
Calculate the highest common divisor of 475 and 5600.
25
What is the highest common factor of 216 and 2553336?
216
What is the highest common factor of 5405 and 6110?
235
What is the highest common factor of 4526 and 177816?
62
What is the greatest common divisor of 3032 and 152358?
758
What is the highest common divisor of 50357 and 37?
37
What is the highest common divisor of 396 and 408276?
396
Calculate the greatest common factor of 306 and 151812.
18
Calculate the highest common factor of 4 and 1691876.
4
What is the highest common factor of 19200 and 127616?
128
Calculate the highest common divisor of 6210 and 6615.
135
Calculate the greatest common divisor of 37687 and 26.
13
Calculate the highest common divisor of 144 and 6196.
4
Calculate the greatest common divisor of 1045 and 21857.
11
Calculate the highest common divisor of 858 and 24232.
26
Calculate the greatest common divisor of 1200009 and 1614.
807
What is the greatest common divisor of 120 and 29600?
40
Calculate the highest common factor of 559 and 104.
13
What is the greatest common factor of 591720 and 60?
60
Calculate the greatest common factor of 9045 and 50085.
135
Calculate the highest common divisor of 2975 and 242025.
175
What is the greatest common factor of 9 and 59463?
9
What is the highest common factor of 216 and 180864?
72
What is the greatest common factor of 90 and 13077?
9
Calculate the highest common divisor of 6744 and 233511.
843
Calculate the highest common factor of 4 and 272962.
2
Calculate the greatest common divisor of 236 and 162.
2
What is the highest common divisor of 934470 and 720?
90
What is the highest common divisor of 13324691 and 353?
353
Calculate the highest common divisor of 323 and 13073.
17
What is the highest common factor of 25182 and 1602?
18
Calculate the highest common factor of 84068 and 40.
4
Calculate the highest common divisor of 46971 and 747.
9
Calculate the greatest common divisor of 975 and 2028.
39
What is the greatest common factor of 87 and 5043?
3
Calculate the highest common divisor of 179 and 3746291.
179
What is the greatest common divisor of 1785197 and 124?
31
Calculate the greatest common divisor of 81972 and 352.
44
Calculate the highest common factor of 17 and 4049536.
17
What is the highest common factor of 66216 and 65472?
744
What is the highest common divisor of 328 and 1900104?
328
What is the highest common divisor of 3408266 and 172?
86
What is the greatest common divisor of 236130 and 306?
102
What is the highest common divisor of 80901 and 606?
303
What is the greatest common divisor of 58 and 1480943?
29
What is the highest common divisor of 40 and 61220?
20
Calculate the greatest common divisor of 3078 and 388170.
342
What is the highest common factor of 2024 and 328416?
88
What is the highest common factor of 1515326 and 190?
38
Calculate the highest common factor of 168 and 88956.
84
Calculate the highest common factor of 2509 and 772.
193
What is the greatest common divisor of 15984 and 105968?
592
Calculate the greatest common divisor of 80 and 3940.
20
What is the greatest common divisor of 2846235 and 42?
21
What is the greatest common divisor of 311454 and 1782?
198
Calculate the greatest common divisor of 69696 and 256.
64
Calculate the highest common factor of 1704 and 859100.
284
Calculate the highest common factor of 66 and 110958.
6
What is the highest common divisor of 15621 and 35560?
127
Calculate the highest common divisor of 274 and 4384.
274
What is the greatest common factor of 6895910 and 290?
290
What is the greatest common divisor of 58 and 113158?
58
Calculate the greatest common divisor of 198525 and 375.
75
Calculate the highest common divisor of 4515 and 242907.
903
What is the highest common divisor of 33016 and 12?
4
What is the highest common factor of 20339 and 817?
43
What is the greatest common factor of 46087 and 85?
17
What is the greatest common factor of 3817 and 809551?
347
What is the highest common divisor of 28288 and 299?
13
Calculate the highest common divisor of 440 and 37180.
220
What is the greatest common divisor of 45 and 58095?
45
Calculate the highest common factor of 8931 and 585.
39
Calculate the greatest common factor of 2844 and 2.
2
Calculate the greatest common divisor of 23374 and 528554.
754
What is the highest common divisor of 15 and 350510?
5
Calculate the highest common divisor of 500 and 447625.
125
Calculate the greatest common factor of 1962 and 56934.
18
Calculate the greatest common divisor of 14018 and 326.
326
Calculate the highest common factor of 6304 and 35263.
197
What is the highest common factor of 149480 and 2525?
505
What is the greatest common factor of 392 and 3563?
7
Calculate the highest common divisor of 358819 and 34.
17
Calculate the highest common divisor of 38 and 1221263.
19
Calculate the greatest common factor of 10 and 143230.
10
Calculate the highest common divisor of 633 and 393.
3
Calculate the highest common divisor of 222440 and 4690.
670
Calculate the greatest common divisor of 8174 and 5063.
61
Calculate the gre